*m + 88 = 0. What is the remainder when m is divided by 20?
2
Let j = -17733 - -17761. Suppose -3*d + 12 = 0, -2*r + 13 + 3 = 2*d. Suppose r*v = -h + v + 68, 5*v = -2*h + 131. What is the remainder when h is divided by j?
25
Let g = -48 + 187. Calculate the remainder when 579 is divided by g.
23
Suppose -9*c - 188 = -13*c. Calculate the remainder when (-4 + (-77)/(-14))*280/3 is divided by c.
46
Suppose 0 = 2*t - 3 + 1, r - 4*t = 75. Let f be (-5)/(-15) - (-416)/(-6). Let m = f + r. Calculate the remainder when 26 is divided by m.
6
Let y(j) = 183*j - 1053. What is the remainder when y(8) is divided by 21?
12
Suppose -18 = -507*s + 505*s. Suppose -5*a + 3*l + 240 = 0, s*a - l = 8*a + 50. What is the remainder when 142 is divided by a?
7
Suppose 3*p + 1 - 7 = -k, -p = 3*k - 10. Suppose -160 = -2*z - v, -5*z + k*v + 528 = 117. Calculate the remainder when z is divided by 12.
9
Let d(z) = 9*z + 11046*z**3 - 3 - 10899*z**3 - 3*z**2 - 4*z. What is the remainder when d(1) is divided by 37?
35
Let q be 2/5 - 78/60*-92. Suppose -119*u - 319 = -q*u. Calculate the remainder when u is divided by 23.
20
Let p(n) = 2*n + 34. Let j be p(-6). Suppose -2*z - 4*q + 32 = 0, -2*z = q - 4 - j. What is the remainder when 212 is divided by z?
8
Let s = -88 + 95. Suppose -4*k = 5*g - 25, 3*g = -2*k + s*g + 6. Calculate the remainder when 90 is divided by (-155)/k*2/(-2).
28
Let h = 0 - -3. Let i = 226 + -221. Calculate the remainder when ((-30)/(-21))/(i/70) is divided by h.
2
Let v = -1177 + 1221. What is the remainder when 921 is divided by v?
41
Suppose 4 = 2*p - 3*s, -2*s + 44 = 3*p + 3*s. What is the remainder when 2514/57 - p/76 is divided by 37?
7
Let m = 5402 + -5391. Calculate the remainder when 105 is divided by m.
6
Calculate the remainder when 696 is divided by ((-5056)/(-40) - 10) + 12/20.
111
Let i(j) = 5*j + 54. Let t(r) = -r + 24. Calculate the remainder when i(-3) is divided by t(10).
11
Let h = 11794 + -11557. What is the remainder when h is divided by 19?
9
Suppose 0 = 5*y + 551 - 751. Calculate the remainder when 209 is divided by y.
9
Let z = 120 + -163. Let x = 82 + z. Calculate the remainder when 233 is divided by x.
38
Let z(o) = -o**3 - 3*o - 1. Let i(d) = 4*d**3 + 13*d**2 + 26*d + 21. Let u(q) = -i(q) - 5*z(q). What is the remainder when 49 is divided by u(14)?
23
Let f = -177 + 1047. Suppose -9*c + f = -741. Calculate the remainder when c is divided by 60.
59
Suppose 122*m + 264721 = 501*m - 41890. Calculate the remainder when m is divided by 10.
9
Let l = -5341 - -5403. What is the remainder when 1498 is divided by l?
10
Let x(s) = -10*s + 54. Let m be x(-7). Suppose -243 = -133*y + m*y. What is the remainder when 104 is divided by y?
23
Let o = 31 - 10. Suppose 9*p + o = 84. Suppose p*y - 2*y - 170 = 0. Calculate the remainder when 66 is divided by y.
32
Suppose -1680 = -32*j + 2224. Calculate the remainder when 865 is divided by j.
11
What is the remainder when 1571 is divided by (12/(-120))/((-3)/3930)?
130
Suppose -y - 3*h = -85, 4*y + 223 = 3*h + 638. Let a = 106 - y. Suppose 0 = 5*f - a*f + 69. Calculate the remainder when f is divided by 36.
33
Suppose 50 = -j + 3*b + 234, 3*j = -3*b + 444. What is the remainder when 397 is divided by j?
83
Let b be 556 - (0 + 0/(-5)). Let z = b - 516. Calculate the remainder when 277 is divided by z.
37
Suppose 0 = 8*t - 25*t + 85. Suppose -b - 209 = -t*n, 9*n - 13*n = -3*b - 176. Calculate the remainder when n is divided by 3.
2
Let l = -134 + 138. Suppose 0 = -l*q + 27 - 11, 2*q - 455 = -3*k. What is the remainder when k is divided by 30?
29
Let t = 12409 - 12233. Calculate the remainder when 1073 is divided by t.
17
Suppose 0 = -9*t + 570 + 1707. Let x = t - 191. Calculate the remainder when x is divided by 32.
30
Let a(r) = 16*r - 13. Let n be a(8). Let i = -82 + n. Calculate the remainder when 124 is divided by i.
25
Let r(x) = x**2 + 10*x - 19. Let g be r(-8). Let n = 47 + g. Suppose -2*u = -h - 2*h - 12, 4*h = 2*u - n. Calculate the remainder when u is divided by 5.
1
Let m(g) = 37*g**2 + 849*g - 27. What is the remainder when 699 is divided by m(-23)?
15
Let z = -54 + 53. Let h be z + -5*(1 - (-292)/(-10)). Suppose 0 = -3*y - 4*f + h, f = -4*y - 4*f + 185. Calculate the remainder when y is divided by 14.
12
Let d(h) = -22*h**2 + 71*h - 7. What is the remainder when 9927 is divided by d(3)?
7
Let o(a) = -a**3 + 4*a**2 + 7*a + 42. Calculate the remainder when o(6) is divided by -2*(-1 + 0) + 7 + -5.
0
Suppose -14*h + 0*h = -28. Suppose -h*o + 20 = 8*o. Calculate the remainder when 5 is divided by o.
1
Suppose 195 = 3*w - 324. Calculate the remainder when w is divided by 26 - 42/(-3 + 10).
13
Suppose 0 = 5*d + 3*v - 254, 73*v + 12 = 77*v. Calculate the remainder when 1709 is divided by d.
43
Calculate the remainder when ((-236)/8 + 2)*132/(-15) is divided by 58.
10
Suppose -14*g = 4*z - 16*g - 906, 244 = z - 4*g. What is the remainder when z is divided by 80 + -20 + (-6*1)/2?
53
Let m = -1360 + 1437. What is the remainder when 1694 is divided by m?
0
Suppose 6*a - 13*a = 3108 - 10731. Calculate the remainder when 1092 is divided by a.
3
Let l(d) = 18*d - 90. Let n be l(-17). Let f = -386 - n. Calculate the remainder when -134*1/2*-1 is divided by f.
7
Let i = -12087 + 12175. What is the remainder when i is divided by 15?
13
Suppose 53*r - 49*r - 36 = 0. Let j be (-7)/((-21)/r) + -11. Calculate the remainder when -2*(-52)/j*-3 is divided by 11.
6
Suppose 0 = -2*p + 4*u + 2839 - 647, -3*u - 4419 = -4*p. Calculate the remainder when p is divided by 551.
8
Suppose 3*q + 3*p = 4*q - 252, 0 = 4*q - 5*p - 1015. Calculate the remainder when (-3)/(1011/q - (7 + -3)) is divided by 37.
11
Suppose -18 = -4*c - f + 76, 0 = -4*c + 3*f + 102. What is the remainder when (348/(-10))/(48/(-160)) is divided by c?
20
Let y = 9520 + -7641. What is the remainder when y is divided by 24?
7
Let m(f) = -f**3 + 7*f**2 + 5*f - 17. Let o be m(7). Let p be (o/12 + -5)/((-2)/(-4)). What is the remainder when 41 is divided by (6/(-4))/((21/30)/p)?
11
Let c be (-13)/2 + 12/8. Calculate the remainder when 43 is divided by 5 + (1 + 1)*(5 - c).
18
Let c(r) = 48*r + 24. Let y be (16/(-3))/8*-3. Calculate the remainder when c(y) is divided by 21.
15
Calculate the remainder when 89 is divided by 1/(2/((6 + 22/(-4))*124)).
27
Let b = 307 + -309. What is the remainder when (0 - b/4)*262 is divided by 34?
29
Suppose -3*g - 3*d + 4956 = 0, -2*g + 10*d = 9*d - 3319. Calculate the remainder when g is divided by 45.
37
Let g(p) = p**3 + 26*p**2 - 44*p - 40. Calculate the remainder when g(-10) is divided by 69.
68
Suppose -15*u = 11*u + 29*u - 21285. What is the remainder when u is divided by 38?
7
Suppose -18*c - 276 = 148 - 784. Suppose 0*t = -5*t - 145. Let h = 43 + t. Calculate the remainder when c is divided by h.
6
Let z = 597 + -594. Let t(n) = -58*n + 244. Let m = 11 + -2. Calculate the remainder when t(z) is divided by m.
7
Suppose 0 = -2*s - 4*k + 172 + 112, 5*s + 5*k = 690. What is the remainder when 793 is divided by s?
123
Suppose -10 = -2*i + 6. Let f = 75 + -74. Suppose f - 51 = -5*s. Calculate the remainder when s is divided by i.
2
Suppose -5*f = -0*f - 35. Suppose -9 = z, -11*g - 1224 = -17*g + 2*z. What is the remainder when g is divided by f?
5
Suppose 63 = 5*t - 7. Let m = t + -3. What is the remainder when m is divided by 2 - (-1 + 2 + -4)?
1
Suppose 17*c - 4 = 18*c. What is the remainder when 505 + 24/c - -3 is divided by 11?
7
Let p = 338 - 324. Let g(r) = -r**3 + 15*r**2 - 17*r + 56. Calculate the remainder when 136 is divided by g(p).
10
Let p(b) = b**3 + 3*b**2 - 102*b - 132. Calculate the remainder when 1533 is divided by p(-11).
15
Let f be 4 + (-560 + 2 - 6). What is the remainder when 54 is divided by (3/2)/((312/f)/(-13))?
19
Let b(s) = -3*s**2 + 58*s - 174. Calculate the remainder when 177 is divided by b(15).
9
Suppose -3*o + 630 + 1515 = -t, 711 = o + t. Let u = o + -13. What is the remainder when u is divided by 27?
26
Let r = 154 + -502. Let d = r - -364. What is the remainder when 253 is divided by d?
13
Let q = 203 + -32. Suppose 2*y + q = 3*d, 0*y = -5*d + 5*y + 290. Suppose 2*s = 7 + d. What is the remainder when 90 is divided by s?
28
Let g(p) = -2*p**3 + 2*p**2 + 7*p - 4. Suppose -c + 2*a =